6?
False
Is 467 a factor of 3164222?
False
Is 343292 a multiple of 4?
True
Is 7905154 a multiple of 1956?
False
Does 885 divide 555247?
False
Is 363 a factor of 57354?
True
Is 313 a factor of 652588?
False
Is 43 a factor of 95382?
False
Is 15 a factor of 38133030?
True
Is 18 a factor of 4511410?
False
Does 160 divide 61440?
True
Is 55 a factor of 3581930?
True
Does 411 divide 585675?
True
Is 1369 a factor of 18236449?
True
Is 1375997 a multiple of 17?
True
Is 48 a factor of 39312?
True
Does 25 divide 17696975?
True
Is 5901836 a multiple of 28?
False
Does 26 divide 3064697?
False
Is 491988 a multiple of 42?
True
Does 125 divide 70000?
True
Is 468657 a multiple of 21?
True
Does 149 divide 256905?
False
Is 39812 a multiple of 544?
False
Does 46 divide 227483?
False
Is 384 a factor of 585270?
False
Does 6 divide 2914503?
False
Is 386 a factor of 4457886?
False
Is 771520 a multiple of 150?
False
Is 305327 a multiple of 110?
False
Is 1266192 a multiple of 27?
True
Does 58 divide 102834?
True
Does 20 divide 421907?
False
Is 131 a factor of 3783?
False
Is 140798 a multiple of 40?
False
Is 7 a factor of 101390?
False
Is 10 a factor of 792670?
True
Is 731040 a multiple of 6?
True
Is 46 a factor of 199921?
False
Is 1106004 a multiple of 45?
False
Is 7 a factor of 14512275?
False
Is 253075 a multiple of 265?
True
Does 138 divide 1980599?
False
Does 249 divide 107047?
False
Is 19 a factor of 143893?
False
Does 23 divide 27561?
False
Is 2804340 a multiple of 33?
True
Is 23 a factor of 124564?
False
Is 10068376 a multiple of 210?
False
Does 7 divide 1830676?
False
Is 150 a factor of 170250?
True
Does 22 divide 52272?
True
Is 133 a factor of 136458?
True
Does 1680 divide 29979255?
False
Does 10 divide 294542?
False
Is 574 a factor of 126280?
True
Is 286 a factor of 85444?
False
Is 205 a factor of 142680?
True
Is 2438162 a multiple of 38?
False
Is 67570 a multiple of 145?
True
Is 14 a factor of 2093476?
True
Is 7 a factor of 10029972?
False
Does 15 divide 707010?
True
Does 54 divide 12835673?
False
Does 38 divide 1008962?
False
Is 7167047 a multiple of 2?
False
Is 645 a factor of 1559048?
False
Is 20 a factor of 12735767?
False
Is 233407 a multiple of 16?
False
Is 43392 a multiple of 48?
True
Is 1067584 a multiple of 64?
True
Does 108 divide 906310?
False
Is 19 a factor of 592154?
True
Is 7 a factor of 72951?
False
Is 42732 a multiple of 19?
False
Is 1470407 a multiple of 3?
False
Is 752268 a multiple of 902?
True
Is 2242602 a multiple of 31?
True
Is 1188564 a multiple of 247?
True
Does 24 divide 6458886?
False
Is 8477 a multiple of 5?
False
Is 155403 a multiple of 47?
False
Is 32 a factor of 2515216?
False
Is 5611149 a multiple of 148?
False
Is 9434 a multiple of 292?
False
Does 119 divide 2013123?
True
Is 4232572 a multiple of 454?
False
Is 2710396 a multiple of 494?
False
Is 298174 a multiple of 8?
False
Does 8 divide 75632?
True
Does 58 divide 26506?
True
Is 3276104 a multiple of 453?
False
Is 54 a factor of 7958952?
True
Is 1060166 a multiple of 256?
False
Is 13 a factor of 33761?
True
Does 57 divide 740772?
True
Is 9170901 a multiple of 171?
True
Is 3256903 a multiple of 98?
False
Is 3428 a multiple of 50?
False
Does 3 divide 60505?
False
Does 136 divide 345221?
False
Is 883792 a multiple of 364?
True
Does 152 divide 12094736?
False
Is 8912 a multiple of 5?
False
Does 16 divide 3939?
False
Is 17 a factor of 1736125?
True
Is 832915 a multiple of 9?
False
Is 42 a factor of 15087410?
False
Does 9 divide 184698?
True
Is 116632 a multiple of 8?
True
Does 15 divide 368415?
True
Does 34 divide 36516?
True
Is 98 a factor of 34692?
True
Is 49 a factor of 9832556?
False
Is 58 a factor of 3097432?
True
Is 331 a factor of 586408?
False
Is 43 a factor of 184470?
True
Does 1229 divide 1659233?
False
Is 27 a factor of 1899892?
False
Is 517274 a multiple of 104?
False
Does 192 divide 964224?
True
Is 206 a factor of 156972?
True
Is 135845 a multiple of 101?
True
Is 139025 a multiple of 67?
True
Is 75040 a multiple of 62?
False
Is 49171 a multiple of 70?
False
Is 2606514 a multiple of 314?
True
Is 86828 a multiple of 7?
True
Is 35 a factor of 20512065?
True
Is 24 a factor of 23915328?
True
Is 63424 a multiple of 36?
False
Is 8905 a multiple of 6?
False
Is 456820 a multiple of 364?
True
Is 291 a factor of 200790?
True
Does 29 divide 8120634?
False
Is 187548 a multiple of 12?
True
Is 6962274 a multiple of 22?
True
Does 226 divide 391882?
False
Is 937 a factor of 6554194?
False
Is 37235 even?
False
Is 464 a factor of 15033539?
False
Is 90299 a multiple of 4?
False
Does 1295 divide 2458819?
False
Does 382 divide 14296572?
False
Is 209223 a multiple of 123?
True
Is 518 a factor of 279720?
True
Does 59 divide 269396?
False
Is 63804 a multiple of 3?
True
Is 358831 a multiple of 11?
True
Is 1361566 a multiple of 1074?
False
Is 10212 a multiple of 169?
False
Is 3874975 a multiple of 46?
False
Does 30 divide 647412?
False
Does 17 divide 30268?
False
Is 3 a factor of 112555?
False
Is 147172 a multiple of 82?
False
Is 16 a factor of 19860598?
False
Does 242 divide 36542?
True
Is 35136 a multiple of 6?
True
Does 233 divide 699?
True
Is 56 a factor of 4837403?
False
Is 65758 a multiple of 98?
True
Does 15 divide 6597480?
True
Is 100424 a multiple of 23?
False
Is 23 a factor of 391644?
True
Does 288 divide 3677472?
True
Is 290761 a multiple of 68?
False
Is 353381 a multiple of 25?
False
Is 4 a factor of 20154?
False
Does 3 divide 277714?
False
Does 5 divide 520862?
False
Is 13 a factor of 484692?
True
Is 1152 a multiple of 4?
True
Is 7 a factor of 143318?
True
Is 50 a factor of 12834306?
False
Does 9 divide 113562?
True
Does 310 divide 1684540?
True
Does 127 divide 1136142?
True
Does 29 divide 285935?
False
Is 550 a factor of 7115152?
False
Does 10 divide 148946?
False
Is 299826 a multiple of 7?
False
Is 154 a factor of 4014774?
False
Does 54 divide 2098710?
True
Is 244 a factor of 7753832?
True
Is 347378 a multiple of 34?
True
Is 702 a factor of 1058240?
False
Is 181926 a multiple of 5?
False
Is 14670 a multiple of 18?
True
Is 24583 a multiple of 61?
True
Is 33 a factor of 14791658?
False
Is 59 a factor of 388810?
True
Is 34 a factor of 1046084?
False
Is 25 a factor of 11209718?
False
Does 6 divide 5646?
True
Is 326 a factor of 1051072?
False
Does 26 divide 111280?
True
Is 64 a factor of 1491987?
False
Does 36 divide 568980?
True
Is 10 a factor of 1064390?
True
Is 19 a factor of 5427388?
True
Is 30 a factor of 58489?
False
Does 86 divide 24596?
True
Is 65 a factor of 74770?
False
Is 37 a factor of 64259?
False
Is 693941 a multiple of 29?
True
Is 81216 a multiple of 32?
True
Is 6 a factor of 150708?
True
Does 47 divide 332716?
False
Is 153 a factor of 288405?
True
Does 15 divide 94862?
False
Does 5 divide 1291087?
False
Does 37 divide 3853013?
False
Does 26 divide 1129492?
True
Is 8 a factor of 46583?
False
Is 53271 a multiple of 39?
False
Is 265122 a multiple of 14?
False
Does 9 divide 909432?
True
Is 3328300 a multiple of 110?
False
Is 597272 a multiple of 4?
True
Is 7028911 a multiple of 4?
False
Is 79 a factor of 22447929?
True
Is 15 a factor of 321490?
False
Is 369920 a multiple of 10?
True
Is 355882 a multiple of 139?
False
Is 15 a factor of 5254995?
True
Is 4668846 a multiple of 34?
True
Does 36 divide 10366488?
True
Does 251 divide 107304?
False
Is 795 a factor of 12854452?
False
Is 32 a factor of 928800?
True
Is 10 a factor of 3954789?
False
Is 5 a factor of 212910?
True
Is 8424439 a multiple of 21?
False
Is 114045 a multiple of 5?
True
Is 33 a factor of 5828577?
False
Does 16 divide 9131104?
True
Is 145960 a multiple of 63?
False
Does 17 divide 4504630?
False
Is 17 a factor of 4096117?
False
Does 189 divide 902057?
False
Is 10775 a multiple of 12?
False
Is 76787 a multiple of 31?
True
Is 5491615 a multiple of 164?
False
Does 48 divide 12312480?
True
Does 7 divide 1585858?
False
Is 10240751 a multiple of 74?
False
Does 269 divide 162207?
True
Is 265360 a multiple of 36?
False
Does 30 divide 312534?
False
Is 474 a factor of 11297234?
False
Does 12 divide 13785?
False
Is 4 a factor of 58044?
True
Is 171 a factor of 651891?
False
Is 2560320 a multiple of 56?
True
Is 147 a factor of 272746?
False
Is 459 a factor of 1182031?
False
Is 110809 a multiple of 45?
False
Is 8123762 a 